 What are the prime factors of y(3)?
2, 191
Let a(q) = 14*q**2 + 3*q. Let g be a(-2). Suppose -4*j = -9*j + g. What are the prime factors of (-2)/j + 1224/20?
61
Let o(x) = -6*x - 6*x + 13*x - 4 + 3. Let u be o(3). List the prime factors of -2 + 12*2 + u.
2, 3
Let m be 36/4*(-1)/(-3). Suppose -m*q = 3*h + 6 - 147, 146 = 3*h + 4*q. Suppose h - 6 = 2*c. What are the prime factors of c?
2, 3
Let z(b) = b**2 + 12*b + 4. Let w be z(-13). Suppose -4*k - w = -33. List the prime factors of 48 - ((-12)/k + 2).
7
Let o = 5549 - 3430. List the prime factors of o.
13, 163
List the prime factors of 4/(-6 - (-101690)/16945).
3389
What are the prime factors of (-1914 + 1)*(52 + -53)?
1913
Let h(j) = 3*j**3 + 13*j**2 + 18*j - 8. List the prime factors of h(7).
2, 223
Suppose -4*h = -3*y + 8*y - 1662, h - 409 = 2*y. List the prime factors of h.
7, 59
Let z = 71 - -5. Let o = 133 - z. What are the prime factors of o?
3, 19
Suppose 3430 = 8*z - 3594. List the prime factors of z.
2, 439
Suppose -5 = p, 2*f + 5*p + 7 = -2. Suppose -13*b + 15 = -f*b. Suppose -b*x + 52 = -x + 4*j, -5*j = 15. List the prime factors of x.
2
Let r(l) = -4 + 2 + 67*l**2 + 1. What are the prime factors of r(-1)?
2, 3, 11
Suppose 0 = -11*v + 13*v - 140. What are the prime factors of v?
2, 5, 7
Let b(f) = 90*f + 5. Let a be 6/10 - (-9)/((-180)/(-8)). List the prime factors of b(a).
5, 19
Let t = 3186 + -2040. List the prime factors of t.
2, 3, 191
Suppose v - 2*r = -v - 2, -5*r = 4*v - 5. Suppose 6*l - l - 110 = v. List the prime factors of l.
2, 11
Let h be (4/5)/((-9)/45). Let i(v) = -v**2 - 6*v - 2. Let z be i(h). Suppose -5*c = -b + 29, 6 = -z*c + 3*c. List the prime factors of b.
19
Suppose 3 = 4*j - 5. Suppose j*v - 84 = 254. Suppose 4*b = 12, 0*f + 2*b = 5*f - v. List the prime factors of f.
5, 7
Let x(o) = o + 1. Suppose 0*l = 4*l - 16. Let w(y) = y**3 - 9*y**2 + 11*y + 6. Let m(d) = l*x(d) - w(d). List the prime factors of m(8).
2, 3
Let d(b) = 2*b**3 - b**2 + 10*b + 28. What are the prime factors of d(12)?
2, 5, 173
Let u = -38 + 38. Suppose -4*h + 304 = 4*d, 4*h + u*h - d = 289. List the prime factors of h.
73
What are the prime factors of ((-2424)/8)/(7/(-28))?
2, 3, 101
Suppose -36*r = -31*r + 335. Let z = 122 + r. What are the prime factors of z?
5, 11
Let m = 658 + 48. List the prime factors of m.
2, 353
Let y = 714 + -387. What are the prime factors of y?
3, 109
Suppose 3*c - 3464 = -4*v - c, -3*c = -5*v + 4290. List the prime factors of v.
3, 7, 41
Let k(m) = 513*m + 408. List the prime factors of k(4).
2, 3, 5, 41
Suppose 0 = 2*c - 4*r - 88, -4*r - 61 = -5*c + 153. Let b = c + -32. What are the prime factors of (1 + b)*4/4?
11
Let s = -2 + 5. Suppose 272 = z - w, z + 1095 = 5*z + s*w. What are the prime factors of z?
3, 7, 13
Suppose -5*u + 2*n = -0*n - 30, 4*n = 3*u - 32. Suppose -u*y + 0*y = b + 10, -2*y = -5*b + 16. List the prime factors of b.
2
Let z be (-4)/(-2) + (-9)/3. What are the prime factors of 41 + 0*(3 + 4/z)?
41
Let i(j) = -j**3 - 7*j - 61*j**2 + 103*j**2 + 10 - 50*j**2. List the prime factors of i(-8).
2, 3, 11
Suppose 5*i = -0*i + 45. Suppose i*a - 8 = 5*a. List the prime factors of a.
2
What are the prime factors of (-8)/(-2)*((-100)/(-10) - -64)?
2, 37
Let h = 49 - -83. Suppose 7*w = 3*w + h. Suppose -w = -5*q - 13. What are the prime factors of q?
2
Let h(d) be the third derivative of -2*d**2 + 5/6*d**3 + 1/4*d**4 + 0*d + 7/60*d**5 + 0 + 1/120*d**6. What are the prime factors of h(-5)?
5
Let r be (-60)/(-14) - 8/28. Suppose -10 = 5*j - 5*q, j + 6*q - 4 = 4*q. Suppose -r*g + 0*g + 160 = j. What are the prime factors of g?
2, 5
Let k(p) = 6*p**2 - 11*p - 8. Let h(s) = -5*s**2 + 10*s + 7. Let j(a) = -7*h(a) - 6*k(a). Let i be j(4). Let t = 45 + i. What are the prime factors of t?
2, 3
Suppose 7*m = -0*m + 245. Suppose m = b - 8. List the prime factors of b.
43
Let b be (-2 - -5)*(-2 + 1). Let s = 18 - b. What are the prime factors of s?
3, 7
Let m(o) = o**3 - o**2 - 45*o - 2. What are the prime factors of m(10)?
2, 7
Suppose 0*n + n + 1 = -2*w, -n - 5*w = -2. Let h(f) = -2*f**3 + 3*f**2 + 6*f - 1. What are the prime factors of h(n)?
2, 31
Let q(p) = -p**2 + 10*p - 6*p - 18 + 10*p. List the prime factors of q(7).
31
Suppose -4064 = -2*m + 2*k, -10 + 6 = 4*k. List the prime factors of m.
3, 677
Suppose -8*d + 2199 = -7897. What are the prime factors of d?
2, 631
Let o(v) be the first derivative of v**3/3 - 21*v**2/2 + 3*v + 1. Let x be o(17). Let i = -25 - x. What are the prime factors of i?
2, 5
Suppose -8619 = -4*b + 493. What are the prime factors of b?
2, 17, 67
Let q(n) = 5*n**3 + 2*n**2 + 16*n + 5. What are the prime factors of q(8)?
7, 13, 31
Let w(o) be the second derivative of 5*o**3/6 - 3*o**2/2 + 11*o. What are the prime factors of w(3)?
2, 3
Let u = 1634 + -1142. Suppose -u = -0*n - 6*n. What are the prime factors of n?
2, 41
Let m(l) = -5*l**3 + 4*l**2 + 13*l + 14. List the prime factors of m(-5).
2, 337
Suppose 3*k + 55 = 2*m, -k + m - 87 = 4*k. Suppose -21 = 5*j + 54. Let u = j - k. What are the prime factors of u?
2
Let b be ((-12)/24)/((-2)/(-232)). Let x = -10 - 22. Let o = x - b. What are the prime factors of o?
2, 13
Let d be (-6)/(-2)*5/3. Let a(h) = h**2 - 3*h - 5. Let m be a(d). Suppose 61 = 2*s + v, -38 = -s - m*v + 3*v. List the prime factors of s.
2, 7
Suppose 4*q - 60 = q. Let h(r) = 3*r**2 + r. Let t be h(-1). What are the prime factors of ((-2)/t - 0) + q?
19
Let j(b) = -b**3 - 5*b**2 - 2*b + 6. Let l be j(-2). What are the prime factors of 38970/135 + (-1 - l/6)?
2, 3
Suppose 37 + 17 = b. Suppose -2*i + b = -0*i. What are the prime factors of i?
3
Let m(y) = -2*y**2 - 60*y + 11. What are the prime factors of m(-30)?
11
Suppose 0 = 5*q - 14 + 139. Let k = 54 + q. List the prime factors of k.
29
Let u(f) = 34*f + 992. List the prime factors of u(42).
2, 5, 11
Let a(v) be the first derivative of -7*v**5/120 + v**4/8 + v**3/3 - 5. Let p(c) be the third derivative of a(c). What are the prime factors of p(-3)?
2, 3
Let i(w) = 395*w**2 - 3*w + 15. What are the prime factors of i(2)?
7, 227
Let n be (1/((-8)/148) + 3)*-2. Let y = n + 6. List the prime factors of y.
37
Suppose -8*p + 617 + 2983 = 0. What are the prime factors of p?
2, 3, 5
Suppose 12*c = -6*c + 11484. What are the prime factors of c?
2, 11, 29
Let d(n) = 69*n**2 - 47*n + 354. What are the prime factors of d(8)?
2, 13
Suppose 29*j - 28*j = -3*f + 188, 3*j + 3*f - 534 = 0. What are the prime factors of j?
173
Suppose 68*o - 519550 = -126442. What are the prime factors of o?
3, 41, 47
Suppose 0 = -5*u + 4*u + 54. Let y = 7 + u. What are the prime factors of y?
61
What are the prime factors of (10992/36)/((-6)/(-9))?
2, 229
List the prime factors of (-6)/66 + (-24786)/(-33).
751
Let q(k) = 6*k**2 - 22*k + 2. List the prime factors of q(11).
2, 3
What are the prime factors of (-21524)/(-16) - 9/36?
5, 269
What are the prime factors of ((-316)/(-395))/(4/13790)?
2, 7, 197
Suppose 39*z = -13*z + 46280. What are the prime factors of z?
2, 5, 89
Let p(i) = 3*i**2 - 13*i - 9. Let g be p(9). Suppose g = 4*j - 11. List the prime factors of j.
2
Suppose -2*v + 5375 = 5*k, -3247 = -5*k + 3*v + 2153. What are the prime factors of k?
3, 359
Suppose -2*b - 23 = -5*m, -3*b = -b + 4*m + 14. Let f = b + 19. Suppose -f = -2*a + 7*h - 2*h, 4*h + 22 = 3*a. What are the prime factors of a?
2, 5
List the prime factors of (-1 + 2 + 3092)*22/66.
1031
Let k = -24 - -31. Suppose 2 = x - 2*b, 2*b + k = x + 5*b. Suppose x*f + 7 = 119. What are the prime factors of f?
2, 7
Let n(m) = m + 2. Let c be n(7). Let q(t) = 5*t - 11. What are the prime factors of q(c)?
2, 17
Let x(q) = -14*q + 4. Suppose 3*b - 3 = -15. Let n be x(b). What are the prime factors of (54/15)/(9/n)?
2, 3
Suppose 3*f = -b + 765 + 2069, 0 = 3*f + 3*b - 2838. What are the prime factors of f?
2, 59
Let b(p) = -p**2 + 4*p - 4. Let u be b(3). Let a be (5 - 4)/(u/6). Let g(s) = -s**2 - 9*s - 8. What are the prime factors of g(a)?
2, 5
Let t be (0 - 2/3)*90/(-12). Suppose -8 = -2*y + t*d + 613, d = -5*y + 1620. What are the prime factors of y?
17, 19
Let o(d) = 5*d + 3. Let u be o(11). Let b = 89 - u. Suppose -3*j + 2*y + 22 + 20 = 0, j - b = -5*y. List the prime factors of j.
2
Let n be 78/65*(-5)/(-3). Suppose -5*w + n*w = -276. L